{"id":832,"date":"2018-08-02T15:16:21","date_gmt":"2018-08-02T13:16:21","guid":{"rendered":"http:\/\/www.wurzelbrot.com\/?page_id=832"},"modified":"2019-07-22T18:08:14","modified_gmt":"2019-07-22T16:08:14","slug":"agb","status":"publish","type":"page","link":"https:\/\/www.wurzelbrot.com\/?page_id=832","title":{"rendered":"AGB"},"content":{"rendered":"<div  class='hr av-tdadc-200585e46e1ec319f7a6a6c7ab8af317 hr-default  avia-builder-el-0  el_before_av_layout_row  avia-builder-el-no-sibling '><span class='hr-inner '><span class=\"hr-inner-style\"><\/span><\/span><\/div>\n<\/div><\/div><\/div><!-- close content main div --><\/div><\/div><div id='av-layout-grid-1'  class='av-layout-grid-container av-1x2r4-74f651196b2ad1e51c1309c765ad38c8 entry-content-wrapper main_color av-flex-cells  avia-builder-el-1  el_after_av_hr  avia-builder-el-last  grid-row-not-first  container_wrap fullsize'  >\n<div class='flex_cell av-hqs0g-f5e4f1b31d085557dfe5d5b8106ec651 av-gridrow-cell av_one_fifth no_margin  avia-builder-el-2  el_before_av_cell_four_fifth  avia-builder-el-first ' ><div class='flex_cell_inner'>\n<style type=\"text\/css\" data-created_by=\"avia_inline_auto\" id=\"style-css-av-jkmqoel0-b0712026d54d6c4cec76c48639ad2b47\">\n.avia-image-container.av-jkmqoel0-b0712026d54d6c4cec76c48639ad2b47 img.avia_image{\nbox-shadow:none;\n}\n.avia-image-container.av-jkmqoel0-b0712026d54d6c4cec76c48639ad2b47 .av-image-caption-overlay-center{\ncolor:#ffffff;\n}\n<\/style>\n<div  class='avia-image-container av-jkmqoel0-b0712026d54d6c4cec76c48639ad2b47 av-styling- avia-align-center  avia-builder-el-3  avia-builder-el-no-sibling '   itemprop=\"image\" itemscope=\"itemscope\" itemtype=\"https:\/\/schema.org\/ImageObject\" ><div class=\"avia-image-container-inner\"><div class=\"avia-image-overlay-wrap\"><img decoding=\"async\" class='wp-image-878 avia-img-lazy-loading-not-878 avia_image ' src=\"https:\/\/www.wurzelbrot.com\/wp-content\/uploads\/2018\/08\/20180807-Logo-Wurzelbrot-2-300x205.png\" alt='' title='20180807 Logo Wurzelbrot'  height=\"205\" width=\"300\"  itemprop=\"thumbnailUrl\" srcset=\"https:\/\/www.wurzelbrot.com\/wp-content\/uploads\/2018\/08\/20180807-Logo-Wurzelbrot-2-300x205.png 300w, https:\/\/www.wurzelbrot.com\/wp-content\/uploads\/2018\/08\/20180807-Logo-Wurzelbrot-2-768x524.png 768w, https:\/\/www.wurzelbrot.com\/wp-content\/uploads\/2018\/08\/20180807-Logo-Wurzelbrot-2-1030x702.png 1030w, https:\/\/www.wurzelbrot.com\/wp-content\/uploads\/2018\/08\/20180807-Logo-Wurzelbrot-2-705x481.png 705w, https:\/\/www.wurzelbrot.com\/wp-content\/uploads\/2018\/08\/20180807-Logo-Wurzelbrot-2-400x273.png 400w, https:\/\/www.wurzelbrot.com\/wp-content\/uploads\/2018\/08\/20180807-Logo-Wurzelbrot-2.png 1175w\" sizes=\"(max-width: 300px) 100vw, 300px\" \/><\/div><\/div><\/div>\n<\/div><\/div><div class='flex_cell av-a2780-49a804b6c78eccca6cf7dcfffd1a249b av-gridrow-cell av_four_fifth no_margin  avia-builder-el-4  el_after_av_cell_one_fifth  avia-builder-el-last ' ><div class='flex_cell_inner'><p>\n<style type=\"text\/css\" data-created_by=\"avia_inline_auto\" id=\"style-css-av-av_heading-119ee5aeafaec0b2d2fbfb97cb3f94ba\">\n#top .av-special-heading.av-av_heading-119ee5aeafaec0b2d2fbfb97cb3f94ba{\npadding-bottom:10px;\n}\nbody .av-special-heading.av-av_heading-119ee5aeafaec0b2d2fbfb97cb3f94ba .av-special-heading-tag .heading-char{\nfont-size:25px;\n}\n.av-special-heading.av-av_heading-119ee5aeafaec0b2d2fbfb97cb3f94ba .av-subheading{\nfont-size:15px;\n}\n<\/style>\n<div  class='av-special-heading av-av_heading-119ee5aeafaec0b2d2fbfb97cb3f94ba av-special-heading-h1 blockquote modern-quote  avia-builder-el-5  el_before_av_textblock  avia-builder-el-first '><h1 class='av-special-heading-tag'  itemprop=\"headline\"  >Allgemeine Verkaufsbedingungen (AGB)<\/h1><div class=\"special-heading-border\"><div class=\"special-heading-inner-border\"><\/div><\/div><\/div><br \/>\n<section  class='av_textblock_section av-jkmqnkmp-f2ebab7bff08e4366a085af035009296'  itemscope=\"itemscope\" itemtype=\"https:\/\/schema.org\/CreativeWork\" ><div class='avia_textblock'  itemprop=\"text\" ><h2>\u00a7 1 Geltungsbereich<\/h2>\n<p>(1) Diese Allgemeinen Verkaufsbedingungen (im Folgenden: AGB) gelten f\u00fcr alle \u00fcber unseren Online-Shop geschlossenen Vertr\u00e4ge zwischen uns, der<\/p>\n<p>B\u00e4ckerei Fleury,<br \/>\nMoselweinstr. 142, 54472 Brauneberg<br \/>\nInhaber: Karsten Fleury<br \/>\nTelefonnummer 06534\/455<br \/>\nTelefaxnummer 06534\/18268.<br \/>\nE-Mail: &#x69;&#110;f&#x6f;&#64;b&#x61;&#x65;&#99;&#x6b;&#x65;&#114;e&#x69;&#45;f&#x6c;&#x65;&#117;&#x72;&#x79;&#46;d&#x65;<\/p>\n<p>und Ihnen als unseren Kunden. Die AGB gelten unabh\u00e4ngig davon, ob Sie Verbraucher, Unternehmer\u00a0oder Kaufmann sind.<\/p>\n<p>(2) Alle zwischen Ihnen und uns im Zusammenhang mit dem Kaufvertrag getroffenen Vereinbarungen\u00a0ergeben sich insbesondere aus diesen Verkaufsbedingungen, unserer schriftlichen\u00a0Auftragsbest\u00e4tigung und unserer Annahmeerkl\u00e4rung.<\/p>\n<p>(3) Ma\u00dfgebend ist die jeweils bei Abschluss des Vertrags g\u00fcltige Fassung der AGB.<\/p>\n<p>(4) Abweichende Bedingungen des Kunden akzeptieren wir nicht. Dies gilt auch, wenn wir der\u00a0Einbeziehung nicht ausdr\u00fccklich widersprechen.<\/p>\n<h2>\u00a7 2 Vertragsschluss<\/h2>\n<p>(1) Die Pr\u00e4sentation und Bewerbung von Artikeln in unserem Online-Shop stellt kein bindendes\u00a0Angebot zum Abschluss eines Kaufvertrags dar.<\/p>\n<p>(2) Mit dem Absenden einer Bestellung \u00fcber den Online-Shop durch Anklicken des Buttons\u00a0\u201ezahlungspflichtig bestellen\u201c geben Sie eine rechtsverbindliche Bestellung ab. Sie sind an die\u00a0Bestellung f\u00fcr die Dauer von zwei (2) Wochen nach Abgabe der Bestellung gebunden; Ihr\u00a0gegebenenfalls nach \u00a7 3 bestehendes Recht, Ihre Bestellung zu widerrufen, bleibt hiervon unber\u00fchrt.<\/p>\n<p>(3) Wir werden den Zugang Ihrer \u00fcber unseren Online-Shop abgegebenen Bestellung unverz\u00fcglich per\u00a0E-Mail best\u00e4tigen. In einer solchen E-Mail liegt noch keine verbindliche Annahme der Bestellung, es sei\u00a0denn, darin wird der Best\u00e4tigung des Zugangs zugleich die Annahme erkl\u00e4rt.<\/p>\n<p>(4) Ein Vertrag kommt erst zustande, wenn wir Ihre Bestellung durch eine Annahmeerkl\u00e4rung oder\u00a0durch die Lieferung der bestellten Artikel annehmen.<\/p>\n<p>(5) Wir liefern grunds\u00e4tzlich nur innerhalb Deutschlands. Sollten Sie eine Lieferung ins Ausland\u00a0w\u00fcnschen, so setzen Sie sich bitte mit uns in Verbindung. Wir pr\u00fcfen dann gerne, inwieweit wir Ihnen\u00a0weiterhelfen k\u00f6nnen. Die Lieferung erfolgt durch ein von uns beauftragtes Versandunternehmen.<\/p>\n<p>(6) Sollte die Lieferung der von Ihnen bestellten Ware nicht m\u00f6glich sein, etwa weil die entsprechende\u00a0Ware nicht auf Lager ist, sehen wir von einer Annahmerkl\u00e4rung ab. In diesem Fall kommt ein Vertrag\u00a0nicht zustande. Wir werden Sie dar\u00fcber unverz\u00fcglich informieren und bereits erhaltene\u00a0Gegenleistungen unverz\u00fcglich zur\u00fcckerstatten.<\/p>\n<h3>\u00a7 3 Widerrufsrecht<\/h3>\n<p>(1) Wenn Sie Verbraucher sind (also eine nat\u00fcrliche Person, die Bestellung zu einem Zweck abgibt, der\u00a0weder Ihrer gewerblichen oder selbst\u00e4ndigen beruflichen T\u00e4tigkeit zugerechnet werden kann), steht\u00a0Ihnen nach Ma\u00dfgabe der gesetzlichen Bestimmungen ein Widerrufsrecht zu.<\/p>\n<p>(2) Machen Sie als Verbraucher von Ihrem Widerrufsrecht nach Ziffer 1 Gebrauch, so haben Sie die\u00a0regelm\u00e4\u00dfigen Kosten der R\u00fccksendung zu tragen.<\/p>\n<p>(3) Wir bitten Sie um Verst\u00e4ndnis, dass ein Widerrufsrecht nicht mit Blick auf die Bestellung von Broten\u00a0auf unserer Website gew\u00e4hrt werden kann. Es handelt sich um Lebensmittel, die aufgrund ihrer\u00a0Beschaffenheit nicht zur R\u00fccksendung geeignet sind und schnell verderben k\u00f6nnen. Weiter w\u00fcrde bei\u00a0einer R\u00fccksendung unter Umst\u00e4nden das Verfallsdatum \u00fcberschritten.<\/p>\n<p>(4) Im \u00dcbrigen (also insbesondere mit Blick auf die Bestellung von Gutscheinen in unserem online-Shop) gelten f\u00fcr das Widerrufsrecht die Regelungen, die im Einzelnen wiedergegeben sind in der\u00a0folgenden<\/p>\n<p><strong>Widerrufsbelehrung &#8211; Widerrufsrecht<\/strong><\/p>\n<p>Sie haben das Recht, binnen vierzehn Tagen ohne Angabe von Gr\u00fcnden diesen Vertrag zu\u00a0widerrufen.\u00a0Die Widerrufsfrist betr\u00e4gt vierzehn Tage ab dem Tag an dem Sie oder ein von Ihnen benannter\u00a0Dritter, der nicht der Bef\u00f6rderer ist, die Waren in Besitz genommen haben bzw. hat.<\/p>\n<p>Um Ihr Widerrufsrecht auszu\u00fcben, m\u00fcssen Sie uns [B\u00e4ckerei Fleury, Moselweinstr. 142, 54472\u00a0Brauneberg, Tel. 06534\/455, Fax 06534\/18268, baeckerei-fleury.de] mittels einer eindeutigen\u00a0Erkl\u00e4rung (z. B. ein mit der Post versandter Brief, Telefax oder E-Mail) \u00fcber Ihren Entschluss, diesen\u00a0Vertrag zu widerrufen, informieren. Sie k\u00f6nnen daf\u00fcr das beigef\u00fcgte Muster-Widerrufsformular\u00a0verwenden, das jedoch nicht vorgeschrieben ist. Sie k\u00f6nnen das Muster- Widerrufsformular oder\u00a0eine andere eindeutige Erkl\u00e4rung auch auf unserer Webseite <a href=\"https:\/\/www.wurzelbrot.com\/wp-content\/uploads\/2018\/08\/20180810-Muster-Widerrufsformular.pdf\" target=\"_blank\" rel=\"noopener noreferrer\">HIER<\/a>\u00a0herunterladen und uns zusenden, z.B. per Post oder E-Mail. Machen Sie von dieser M\u00f6glichkeit Gebrauch, so werden\u00a0wir Ihnen unverz\u00fcglich (z. B. per E-Mail) eine Best\u00e4tigung \u00fcber den Eingang eines solchen Widerrufs\u00a0\u00fcbermitteln.\u00a0Zur Wahrung der Widerrufsfrist reicht es aus, dass Sie die Mitteilung \u00fcber die Aus\u00fcbung des\u00a0Widerrufsrechts vor Ablauf der Widerrufsfrist absenden.<\/p>\n<p>Folgen des Widerrufs<\/p>\n<p>Wenn Sie diesen Vertrag widerrufen, haben wir Ihnen alle Zahlungen, die wir von Ihnen erhalten\u00a0haben, einschlie\u00dflich der Lieferkosten (mit Ausnahme der zus\u00e4tzlichen Kosten, die sich daraus\u00a0ergeben, dass Sie eine andere Art der Lieferung als die von uns angebotene, g\u00fcnstigste\u00a0Standardlieferung gew\u00e4hlt haben), unverz\u00fcglich und sp\u00e4testens binnen vierzehn Tagen ab dem Tag\u00a0zur\u00fcckzuzahlen, an dem die Mitteilung \u00fcber Ihren Widerruf dieses Vertrags bei uns eingegangen ist.\u00a0F\u00fcr diese R\u00fcckzahlung verwenden wir dasselbe Zahlungsmittel, das Sie bei der urspr\u00fcnglichen\u00a0Transaktion eingesetzt haben, es sei denn, mit Ihnen wurde ausdr\u00fccklich etwas anderes vereinbart;\u00a0in keinem Fall werden Ihnen wegen dieser R\u00fcckzahlung Entgelte berechnet. Wir k\u00f6nnen die\u00a0R\u00fcckzahlung verweigern, bis wir die Waren wieder zur\u00fcckerhalten haben oder bis Sie den Nachweis\u00a0erbracht haben, dass Sie die Waren zur\u00fcckgesandt haben, je nachdem, welches der fr\u00fchere\u00a0Zeitpunkt ist.<\/p>\n<p>Sie haben die Waren unverz\u00fcglich und in jedem Fall sp\u00e4testens binnen vierzehn Tagen ab dem Tag,\u00a0an dem Sie uns \u00fcber den Widerruf dieses Vertrages unterrichten, an uns zur\u00fcckzusenden oder zu \u00fcbergeben. Die Frist ist gewahrt, wenn\u00a0Sie die Waren vor Ablauf der Frist von vierzehn Tagen absenden.\u00a0Sie tragen die unmittelbaren Kosten der R\u00fccksendung der Waren.\u00a0Sie m\u00fcssen f\u00fcr einen etwaigen Wertverlust der Waren nur aufkommen, wenn dieser Wertverlust\u00a0auf einen zur Pr\u00fcfung der Beschaffenheit, Eigenschaften und Funktionsweise der Waren nicht\u00a0notwendigen Umgang mit ihnen zur\u00fcckzuf\u00fchren ist.<\/p>\n<p><strong>&#8211; Ende der Widerrufsbelehrung-<\/strong><\/p>\n<h3>\u00a7 4 Lieferbedingungen und Vorbehalt der Vorkassezahlung<\/h3>\n<p>(1) Wir sind zu Teillieferungen berechtigt, soweit dies f\u00fcr Sie zumutbar ist.<\/p>\n<p>(2) Die Lieferfrist betr\u00e4gt circa drei Werktage, soweit nichts anderes vereinbart wurde. Sie beginnt \u2013vorbehaltlich der Regelung in Abs. 3 \u2013 mit Vertragsschluss.<\/p>\n<p>(3) Bei begr\u00fcndeten Anhaltspunkten f\u00fcr ein Zahlungsausfallrisiko behalten wir uns vor, erst nach Erhalt\u00a0des Kaufpreises nebst Versandkosten zu liefern (Vorkassevorbehalt). Falls wir von dem\u00a0Vorkassevorbehalt Gebrauch machen, werden wir Sie unverz\u00fcglich unterrichten. In diesem Fall beginnt\u00a0die Lieferfrist mit Bezahlung des Kaufpreises und der Versandkosten.<\/p>\n<h3>\u00a7 5 Preise und Versandkosten<\/h3>\n<p>(1) S\u00e4mtliche Preisangaben in unserem Online-Shop sind Bruttopreise inklusive der gesetzlichen\u00a0Umsatzsteuer und verstehen sich zuz\u00fcglich anfallender Versandkosten.<\/p>\n<p>(2) Die Versandkosten sind in unseren Preisangaben in unserem Online-Shop angegeben. Der Preis\u00a0einschlie\u00dflich Umsatzsteuer und anfallender Versandkosten wird au\u00dferdem in der Bestellmaske\u00a0angezeigt, bevor Sie die Bestellung absenden.<\/p>\n<p>(3) Wenn wir Ihre Bestellung gem\u00e4\u00df \u00a7 4 Abs. 1 durch Teillieferungen erf\u00fcllen, entstehen Ihnen nur f\u00fcr\u00a0die erste Teillieferung Versandkosten. Erfolgen die Teillieferungen auf Ihren Wunsch, berechnen wir\u00a0f\u00fcr jede Teillieferung Versandkosten.<\/p>\n<p>(4) Wenn Sie Ihre Vertragserkl\u00e4rung wirksam gem\u00e4\u00df \u00a7 3 widerrufen, k\u00f6nnen Sie unter den gesetzlichen\u00a0Voraussetzungen die Erstattung bereits bezahlter Kosten f\u00fcr den Versand zu Ihnen (Hinsendekosten)\u00a0verlangen (vgl. zu sonstigen Widerrufsfolgen \u00a7 3 Abs. 3).<\/p>\n<h3>\u00a7 6 Zahlungsbedingungen und Aufrechnung und Zur\u00fcckbehaltungsrecht<\/h3>\n<p>(1) Der Kaufpreis und die Versandkosten sind sp\u00e4testens binnen zwei Wochen ab Zugang unserer\u00a0Rechnung zu bezahlen.<\/p>\n<p>(2) Sie k\u00f6nnen den Kaufpreis und die Versandkosten auf unser im Online-Shop angegebenes Konto\u00a0\u00fcberweisen.<\/p>\n<p>(3) Daneben k\u00f6nnen Sie zur Zahlung auf die Bezahldienstleister \u201cPayPal\u201d oder \u201cAmazonPay\u201d\u00a0zur\u00fcckgreifen. Hinsichtlich der Zahlungsabwicklung gelten die jeweiligen AGB des verwendeten\u00a0Bezahldienstleisters.<\/p>\n<p>(3) Sie sind nicht berechtigt, gegen\u00fcber unseren Forderungen aufzurechnen, es sei denn, Ihre\u00a0Gegenanspr\u00fcche sind rechtskr\u00e4ftig festgestellt oder unbestritten. Sie sind zur Aufrechnung gegen\u00fcber\u00a0unseren Forderungen auch berechtigt, wenn Sie M.ngelr\u00fcgen oder Gegenanspr\u00fcche aus demselben\u00a0Kaufvertrag geltend machen.<\/p>\n<p>(4) Als K\u00e4ufer d\u00fcrfen Sie ein Zur\u00fcckbehaltungsrecht nur dann aus\u00fcben, wenn Ihr Gegenanspruch aus\u00a0demselben Kaufvertrag herr\u00fchrt.<\/p>\n<h3>\u00a7 7 Eigentumsvorbehalt<\/h3>\n<p>Die gelieferte Ware bleibt bis zur vollst\u00e4ndigen Bezahlung des Kaufpreises in unserem Eigentum.<\/p>\n<h3>\u00a7 8 Gew\u00e4hrleistung<\/h3>\n<p>(1) Wir haften f\u00fcr Sach- oder Rechtsm\u00e4ngel gelieferter Artikel nach den geltenden gesetzlichen\u00a0Vorschriften, insbesondere \u00a7\u00a7 434 ff. BGB. Die Verj\u00e4hrungsfrist f\u00fcr gesetzliche M\u00e4ngelanspr\u00fcche\u00a0betr\u00e4gt zwei Jahre und beginnt mit der Ablieferung der Ware.<\/p>\n<p>(2) Etwaige von uns gegebene Verk\u00e4ufergarantien f\u00fcr bestimmte Artikel oder von den Herstellern\u00a0bestimmter Artikel einger\u00e4umte Herstellergarantien treten neben die Anspr\u00fcche wegen Sach- oder\u00a0Rechtsm\u00e4ngeln im Sinne von Abs. 1. Einzelheiten des Umfangs solcher Garantien ergeben sich aus den\u00a0Garantiebedingungen, die den Artikeln gegebenenfalls beiliegen.<\/p>\n<h3>\u00a7 9 Haftung<\/h3>\n<p>(1) Wir haften Ihnen gegen\u00fcber in allen F\u00e4llen vertraglicher und au\u00dfervertraglicher Haftung bei Vorsatz\u00a0und grober Fahrl\u00e4ssigkeit nach Ma\u00dfgabe der gesetzlichen Bestimmungen auf Schadensersatz oder\u00a0Ersatz vergeblicher Aufwendungen.<\/p>\n<p>(2) In sonstigen F\u00e4llen haften wir \u2013 soweit in Abs. 3 nicht abweichend geregelt \u2013 nur bei Verletzung\u00a0einer Vertragspflicht, deren Erf\u00fcllung die ordnungsgem\u00e4\u00dfe Durchf\u00fchrung des Vertrags \u00fcberhaupt erst\u00a0erm\u00f6glicht und auf deren Einhaltung Sie als Kunde regelm\u00e4\u00dfig vertrauen d\u00fcrfen (so genannte\u00a0Kardinalpflicht), und zwar beschr\u00e4nkt auf den Ersatz des vorhersehbaren und typischen Schadens. In\u00a0allen \u00fcbrigen F\u00e4llen ist unsere Haftung vorbehaltlich der Regelung in Abs. 3 ausgeschlossen.<\/p>\n<p>(3) Unsere Haftung f\u00fcr Sch\u00e4den aus der Verletzung des Lebens, des K\u00f6rpers oder der Gesundheit und\u00a0nach dem Produkthaftungsgesetz bleibt von den vorstehenden Haftungsbeschr\u00e4nkungen und \u2013ausschl\u00fcssen unber\u00fchrt.<\/p>\n<h3>\u00a7 10 Urheberrechte<\/h3>\n<p>Die Urheberrechte an allen Bildern, Filme und Texten, die in unserem Online Shop ver\u00f6ffentlicht\u00a0werden, liegen bei Christian Ruppenthal, Brauneberger Str. 1A, 54472 Burgen. Eine Verwendung der\u00a0Bilder, Filme und Texte ist ohne ausdr\u00fcckliche Zustimmung nicht gestattet.<\/p>\n<h3>\u00a7 11 Anwendbares Recht und Gerichtsstand<\/h3>\n<p>(1) Es gilt das Recht der Bundesrepublik Deutschland unter Ausschluss des UN-Kaufrechts. Wenn Sie\u00a0die Bestellung als Verbraucher abgegeben haben und zum Zeitpunkt Ihrer Bestellung Ihren\u00a0gew\u00f6hnlichen Aufenthalt in einem anderen Land haben, bleibt die Anwendung zwingender\u00a0Rechtsvorschriften dieses Landes von der in Satz 1 getroffenen Rechtswahl unber\u00fchrt.<\/p>\n<p>(2) Wenn Sie Kaufmann sind und Ihren Sitz zum Zeitpunkt der Bestellung in Deutschland haben, ist\u00a0ausschlie\u00dflicher Gerichtsstand der Sitz des Verk\u00e4ufers, 54472 Brauneberg . Im \u00dcbrigen gelten f\u00fcr die\u00a0\u00f6rtliche und die internationale Zust\u00e4ndigkeit die anwendbaren gesetzlichen Bestimmungen.<\/p>\n<p>(3) Streitbeilegung: Die EU-Kommission hat eine Internetplattform zur Online-Beilegung von\u00a0Streitigkeiten geschaffen. Die Plattform dient als Anlaufstelle zur au\u00dfergerichtlichen Beilegung von\u00a0Streitigkeiten betreffend vertragliche Verpflichtungen, die aus Online-Kaufvertr\u00e4gen\u00a0erwachsen. N\u00e4here Informationen sind unter dem folgenden Link verf\u00fcgbar:<\/p>\n<p>http:\/\/ec.europa.eu\/consumers\/odr. Zur Teilnahme an einem Streitbeilegungsverfahren vor einer\u00a0Verbraucherschlichtungsstelle sind wir weder bereit noch verpflichtet.<\/p>\n<\/div><\/section><\/p>\n<\/div><\/div><\/div><br \/>\n[gzd_complaints]<\/p>\n","protected":false},"excerpt":{"rendered":"<p>[gzd_complaints]<\/p>\n","protected":false},"author":1,"featured_media":0,"parent":0,"menu_order":0,"comment_status":"closed","ping_status":"closed","template":"","meta":{"footnotes":""},"class_list":["post-832","page","type-page","status-publish","hentry"],"_links":{"self":[{"href":"https:\/\/www.wurzelbrot.com\/index.php?rest_route=\/wp\/v2\/pages\/832","targetHints":{"allow":["GET"]}}],"collection":[{"href":"https:\/\/www.wurzelbrot.com\/index.php?rest_route=\/wp\/v2\/pages"}],"about":[{"href":"https:\/\/www.wurzelbrot.com\/index.php?rest_route=\/wp\/v2\/types\/page"}],"author":[{"embeddable":true,"href":"https:\/\/www.wurzelbrot.com\/index.php?rest_route=\/wp\/v2\/users\/1"}],"replies":[{"embeddable":true,"href":"https:\/\/www.wurzelbrot.com\/index.php?rest_route=%2Fwp%2Fv2%2Fcomments&post=832"}],"version-history":[{"count":6,"href":"https:\/\/www.wurzelbrot.com\/index.php?rest_route=\/wp\/v2\/pages\/832\/revisions"}],"predecessor-version":[{"id":1186,"href":"https:\/\/www.wurzelbrot.com\/index.php?rest_route=\/wp\/v2\/pages\/832\/revisions\/1186"}],"wp:attachment":[{"href":"https:\/\/www.wurzelbrot.com\/index.php?rest_route=%2Fwp%2Fv2%2Fmedia&parent=832"}],"curies":[{"name":"wp","href":"https:\/\/api.w.org\/{rel}","templated":true}]}}